{"id":4101,"date":"2015-09-24T02:20:23","date_gmt":"2015-09-23T18:20:23","guid":{"rendered":"http:\/\/senslite.com.tw\/Home\/?page_id=4101"},"modified":"2018-05-11T00:26:48","modified_gmt":"2018-05-10T16:26:48","slug":"relevant-publications","status":"publish","type":"page","link":"https:\/\/senslite.com.tw\/Home\/index.php\/relevant-publications\/","title":{"rendered":"Relevant Publications"},"content":{"rendered":"<h3 align=\"left\"><span class=\"bold\">Relevant Publications (chronological order) <\/span><\/h3>\n<p>&nbsp;<\/p>\n<ul>\n<li>Veljko Milanovic, Abhishek Kasturi, James Yang, Frank Hu, &#8220;<a href=\"http:\/\/www.mirrorcletech.com\/pdf\/press\/MirrorcleTech-Single%20Pixel%20Camera.pdf\" target=\"_blank\"><em> A Fast Single-Pixel Laser Imager for VR\/AR Headset Tracking <\/em><\/a><em>,&#8221;<\/em> SPIE 2017 OPTO Conference, San Francisco, CA, Feb. 2017<\/li>\n<li>Veljko Milanovic, Abhishek Kasturi, James Yang, Yu Roger Su, Frank Hu, &#8220;<a href=\"http:\/\/www.mirrorcletech.com\/pdf\/press\/MirrorcleTech-MEMS%20Performance.pdf\" target=\"_blank\"><em> Novel Packaging Approaches for Increased Robustness and Overall Performance of Gimbal-less MEMS Mirrors <\/em><\/a><em>,&#8221;<\/em> SPIE 2017 OPTO Conference, San Francisco, CA, Feb. 2017<\/li>\n<li>Veljko Milanovic, Abhishek Kasturi, James Yang, &#8220;<a href=\"http:\/\/www.mirrorcletech.com\/pdf\/press\/MirrorcleTech-DSSL-SID2016.pdf\" target=\"_blank\"><em> MEMS Mirror Based Dynamic Solid State Lighting Module <\/em><\/a><em>,&#8221;<\/em> Society for Information Display 2016 International Symposium, San Francisco, CA, May 24th, 2016<\/li>\n<li>Abhishek Kasturi, Veljko Milanovic, Bryan H. Atwood, James Yang, &#8220;<a href=\"http:\/\/www.mirrorcletech.com\/pdf\/press\/MirrorcleTech%20-%20UAV%20LiDAR%20-%20DCS2016.pdf\" target=\"_blank\"><em> UAV-Borne LiDAR with MEMS Mirror Based Scanning Capability <\/em><\/a><em>,&#8221;<\/em> SPIE Defense and Commercial Sensing Conference 2016, Baltimore, MD, April 20th, 2016<\/li>\n<li>Veljko Milanovic, Abhishek Kasturi, James Yang, &#8220;<a href=\"http:\/\/www.mirrorcletech.com\/pdf\/press\/MirrorcleTech%20-%20MEMS%20Mirror%20Performance%20-%20DCS2016.pdf\" target=\"_blank\"><em> Novel Fluidic Packaging of Gimbal-less MEMS Mirrors for Increased Optical Resolution and Overall Performance <\/em><\/a><em>,&#8221;<\/em> SPIE Defense and Commercial Sensing Conference 2016,Baltimore, MD, April 20th, 2016<\/li>\n<\/ul>\n<p>&nbsp;<\/p>\n<div align=\"left\">\n<ul>\n<li>Veljko Milanovic, Abhishek Kasturi, Bryan Atwood, Yu Su, Kevin Limkrailassiri, John E. Nettleton, Lew Goldberg, Jeffery Leach, Nathaniel Hough, &#8220;<a href=\"http:\/\/www.mirrorcletech.com\/pdf\/press\/Milanovic-QSwitch-SPIE2015-Preview.pdf\" target=\"_blank\"><em> Compact MEMS mirror based Q-switch module for pulse-on-demand laser range finders <\/em><\/a><em>,&#8221;<\/em> SPIE 2015 OPTO Conference, San Francisco, CA, Feb. 2015<\/li>\n<li>Veljko Milanovic, Abhishek Kasturi, &#8220;<a href=\"http:\/\/www.mirrorcletech.com\/pdf\/press\/Milanovic-HUD-SPIE2015-Preview.pdf\" target=\"_blank\"><em>High brightness MEMS mirror based head-up display (HUD) modules with wireless data streaming capability <\/em><\/a><em>,&#8221;<\/em> SPIE 2015 OPTO Conference, San Francisco, CA, Feb. 2015<\/li>\n<li>Veljko Milanovic, Abhishek Kasturi, &#8220;<a href=\"http:\/\/onlinelibrary.wiley.com\/doi\/10.1002\/opph.201300036\/pdf\" target=\"_blank\"><em> Real-Time 3D Tracking <\/em><\/a><em>,&#8221;<\/em> WILEY-VCH, OPTIK &amp; PHOTONIK, 4\/2013 pg. 55-59 (PDF, 569k)<\/li>\n<li>Veljko Milanovi\u0107, N. Siu, A. Kasturi, M. Radoji\u010di\u0107, Y. Su, &#8220;<a href=\"http:\/\/adriaticresearch.org\/Research\/pdf\/Trans11_full.pdf\" target=\"_blank\"><em> &#8220;MEMSEye&#8221; for Optical 3D Tracking and Imaging Applications<\/em><\/a><em>,&#8221;<\/em> Proceedings of the Transducers 2011 conference, Beijing, China. (PDF, 907k)<\/li>\n<li>Veljko Milanovi\u0107, N. Siu, A. Kasturi, M. Radoji\u010di\u0107, Y. Su, &#8220;<a href=\"http:\/\/adriaticresearch.org\/Research\/pdf\/SPIE11.pdf\" target=\"_blank\"><em>&#8220;MEMSEye&#8221; for Optical 3D Position and Orientation Measurement<\/em><\/a><em>,&#8221;<\/em> Proceedings of SPIE Photonics West 2011 Volume: 7930-27 (PDF, 1523k)<\/li>\n<li>Veljko Milanovi\u0107, &#8220;<a href=\"http:\/\/adriaticresearch.org\/Research\/pdf\/VM_OFC09.pdf\" target=\"_blank\"><em>Linearized Gimbal-less Two-Axis MEMS Mirrors<\/em><\/a><em>,&#8221;<\/em> 2009 Optical Fiber Communication Conference and Exposition (OFC&#8217;09), San Diego, CA, Mar. 25, 2009. (PDF, 383k)<\/li>\n<li>Veljko Milanovi\u0107, Wing Kin Lo, &#8220;<em><a href=\"http:\/\/adriaticresearch.org\/Research\/pdf\/Tracking_OMEMS2008.pdf\" target=\"_blank\">Fast and High-Precision 3D Tracking and Position Measurement with MEMS Micromirrors<\/a><\/em>,&#8221; 2008 IEEE\/LEOS Optical MEMS and Their Applications Conf., Freiburg, Germany, Aug. 12, 2008. (PDF, 980k)<\/li>\n<li>Veljko Milanovi\u0107, &#8220;<a href=\"http:\/\/adriaticresearch.org\/Research\/pdf\/Display_OMEMS07.pdf\" target=\"_blank\"><em>Improved Control of the Vertical Axis Scan for MEMS Projection Displays<\/em><\/a>,&#8221; 2007 IEEE\/LEOS Optical MEMS and Their Applications Conf., Hualien, Taiwan, Aug. 12, 2007. (PDF, 534k)<\/li>\n<li>Andrew Miner, Veljko Milanovi\u0107, &#8220;<a href=\"http:\/\/adriaticresearch.org\/Research\/pdf\/HighTemp_OMEMS07.pdf\" target=\"_blank\"><em>High Temperature Operation of Gimbal-less Two-Axis Micromirrors<\/em><\/a>,&#8221; 2007 IEEE\/LEOS Optical MEMS and Their Applications Conf., Hualien, Taiwan, Aug. 12, 2007 (PDF, 143k)<\/li>\n<li>Veljko Milanovi\u0107, Kenneth Castelino, Daniel McCormick, &#8220;<a href=\"http:\/\/adriaticresearch.org\/Research\/pdf\/VM_MEMS07.pdf\" target=\"_blank\"><em>Highly Adaptable MEMS-based Display with Wide Projection Angle<\/em><\/a>,&#8221; 2007 IEEE Int. Conf. on Microelectromechanical Systems (MEMS&#8217;07), Kobe, Japan, Jan. 25, 2007 (PDF, 1.91Mb)<\/li>\n<li>W. Jung, S. Tang, T. Xie, D. T. McCormick, Y-C. Ahn, J. Su, I. V. Tomov, T. B. Krasieva, B. J. Tromberg, Z. Chen, &#8220;<a href=\"http:\/\/adriaticresearch.org\/Research\/pdf\/WJ_SPIE08.pdf\" target=\"_blank\"><em>Miniaturized probe using 2 axis MEMS scanner for endoscopic multiphoton excitation microscopy<\/em><\/a><em>,<\/em>&#8221; Photonics West, Jan. 2008, Proc. of SPIE Vol. 6851, 68510D, 2008. (PDF, 2299k)<\/li>\n<li>D.T. McCormick, W. Jung, Y.-C. Ahn, Z. Chen, and N.C. Tien, &#8220;<em><a href=\"http:\/\/adriaticresearch.org\/Research\/pdf\/DMCC_TRANS07.pdf\" target=\"_blank\">A three dimensional real-time MEMS based optical biopsy system for in-vivo clinical imaging <\/a><\/em>&#8220;, The 14th International Conference on Solid-State Sensors, Actuators and Microsystems, Lyon, France, June 10-14, 2007 (PDF, 788k)<\/li>\n<li>D. T. McCormick, W. Jung, Y.-C. Ahn, V. Milanovi\u0107, Z. Chen, N. C. Tien, &#8220;<a href=\"http:\/\/adriaticresearch.org\/Research\/pdf\/OCT_OMEMS06.pdf\" target=\"_blank\"><em>A MEMS Based Optical Coherence Tomography Imaging System and Optical Biopsy Probes for Real-Time, High Resolution in-vivo and in-vitro 2-D OR 3-D Imaging<\/em><\/a>,&#8221; 2006 IEEE\/LEOS Optical MEMS and Their Applications Conf., Big Sky, Montana, Aug. 23, 2006 (PDF, 857k)<\/li>\n<li>K. Castelino, V. Milanovi\u0107, D. T. McCormick, &#8220;<a href=\"http:\/\/adriaticresearch.org\/Research\/pdf\/Vector_Display_MOEMS05.pdf\" target=\"_blank\"><em>MEMS-Based High-Speed Low-Power Vector Display<\/em><\/a>,&#8221; 2005 IEEE\/LEOS Optical MEMS and Their Applications Conf., Oulu, Finland, Aug. 2005, pp. 127-128 (PDF, 245k)<\/li>\n<li>D. T. McCormick, V. Milanovi\u0107, K. Castelino, &#8220;<a href=\"http:\/\/adriaticresearch.org\/Research\/pdf\/Modular_MOEMS05.pdf\" target=\"_blank\"><em>A Modular Custom Aperture Technology for Optimization of MEMS Scanners<\/em><\/a>,&#8221; 2005 IEEE\/LEOS Optical MEMS and Their Applications Conf., Oulu, Finland, Aug. 2005, pp. 29-30 (PDF, 1.46Mb)<\/li>\n<li>V. Milanovi\u0107, K. Castelino, &#8220;<a href=\"http:\/\/adriaticresearch.org\/Research\/pdf\/VM_MOEMS04.pdf\" target=\"_blank\"><em>Sub-100 \u00b5s Settling Time and Low Voltage Operation for Gimbal-less Two-Axis Scanners<\/em><\/a>,&#8221; IEEE\/LEOS Optical MEMS 2004, Takamatsu, Japan, Aug. 2004 (PDF, 449k)<\/li>\n<li>V. Milanovi\u0107, K. Castelino, &#8220;<a href=\"http:\/\/adriaticresearch.org\/Research\/pdf\/VM_JSTQE04.pdf\" target=\"_blank\"><em>Gimbal-less Monolithic Silicon Actuators For Tip-Tilt-Piston Micromirror Applications<\/em><\/a>,&#8221; IEEE J. of Select Topics in Quantum Electronics, vol. 10, no. 3, May-Jun. 2004, pp. 462-471 (PDF, 826k)<\/li>\n<\/ul>\n<\/div>\n","protected":false},"excerpt":{"rendered":"<p>Relevant Publications (chronological order) &nbsp; Veljko Milanovic, Abhishek Kasturi, James Yang, Frank Hu, &#8220; A Fast Single-Pixel Laser Imager for VR\/AR Headset Tracking ,&#8221; SPIE 2017 OPTO Conference, San Francisco, CA, Feb. 2017 Veljko Milanovic, Abhishek Kasturi, James Yang, Yu Roger Su, Frank Hu, &#8220; Novel Packaging Approaches for Increased Robustness and Overall Performance of [&hellip;]<\/p>\n","protected":false},"author":1,"featured_media":0,"parent":0,"menu_order":6,"comment_status":"closed","ping_status":"closed","template":"","meta":{"footnotes":""},"class_list":["post-4101","page","type-page","status-publish","hentry"],"aioseo_notices":[],"_links":{"self":[{"href":"https:\/\/senslite.com.tw\/Home\/index.php\/wp-json\/wp\/v2\/pages\/4101","targetHints":{"allow":["GET"]}}],"collection":[{"href":"https:\/\/senslite.com.tw\/Home\/index.php\/wp-json\/wp\/v2\/pages"}],"about":[{"href":"https:\/\/senslite.com.tw\/Home\/index.php\/wp-json\/wp\/v2\/types\/page"}],"author":[{"embeddable":true,"href":"https:\/\/senslite.com.tw\/Home\/index.php\/wp-json\/wp\/v2\/users\/1"}],"replies":[{"embeddable":true,"href":"https:\/\/senslite.com.tw\/Home\/index.php\/wp-json\/wp\/v2\/comments?post=4101"}],"version-history":[{"count":2,"href":"https:\/\/senslite.com.tw\/Home\/index.php\/wp-json\/wp\/v2\/pages\/4101\/revisions"}],"predecessor-version":[{"id":4632,"href":"https:\/\/senslite.com.tw\/Home\/index.php\/wp-json\/wp\/v2\/pages\/4101\/revisions\/4632"}],"wp:attachment":[{"href":"https:\/\/senslite.com.tw\/Home\/index.php\/wp-json\/wp\/v2\/media?parent=4101"}],"curies":[{"name":"wp","href":"https:\/\/api.w.org\/{rel}","templated":true}]}}